{"id":4327,"date":"2019-10-16T10:48:53","date_gmt":"2019-10-16T08:48:53","guid":{"rendered":"http:\/\/www.krakauer-haus.de\/?post_type=tribe_events&#038;p=4327"},"modified":"2019-10-16T10:52:47","modified_gmt":"2019-10-16T08:52:47","slug":"landnahme-der-nazis-im-besetzten-europa-ab-1933","status":"publish","type":"tribe_events","link":"https:\/\/www.krakauer-haus.de\/kh-test\/index.php\/event\/landnahme-der-nazis-im-besetzten-europa-ab-1933\/","title":{"rendered":"Landnahme der Nazis im besetzten Europa ab 1933"},"content":{"rendered":"<p>[et_pb_section fb_built=&#8220;1&#8243; _builder_version=&#8220;3.22&#8243; locked=&#8220;off&#8220;][et_pb_row column_structure=&#8220;1_2,1_2&#8243; _builder_version=&#8220;3.25&#8243; background_size=&#8220;initial&#8220; background_position=&#8220;top_left&#8220; background_repeat=&#8220;repeat&#8220;][et_pb_column type=&#8220;1_2&#8243; _builder_version=&#8220;3.25&#8243; custom_padding=&#8220;|||&#8220; custom_padding__hover=&#8220;|||&#8220;][et_pb_text _builder_version=&#8220;3.26.3&#8243;]<\/p>\n<p><strong>Veranstalter:\u200b\u00a0<\/strong>Vereinigung der\u00a0Verfolgten des Naziregimes (VVN)<\/p>\n<p><span lang=\"DE\">Eintritt: frei<\/span><\/p>\n<p>Reservierung:\u00a0Telefon (+49) 0911 487892<\/p>\n<p>Foto: VVN<\/p>\n<p>[\/et_pb_text][et_pb_divider _builder_version=&#8220;3.20.2&#8243;]<br \/>\n[\/et_pb_divider][et_pb_image src=&#8220;http:\/\/www.krakauer-haus.de\/kh-test\/wp-content\/uploads\/2019\/10\/191022_Flyer-Veranstaltungen-in-N\u00fcrnberg-80.-Jahrestag-des-\u00dcberfalls-auf-Polen-1.tiff&#8220; align_tablet=&#8220;center&#8220; align_last_edited=&#8220;on|desktop&#8220; _builder_version=&#8220;3.26.3&#8243;]<br \/>\n[\/et_pb_image][et_pb_text _builder_version=&#8220;3.26.3&#8243;]<\/p>\n<p>Veranstaltung zum 80. Jahrestag des \u00dcberfalls Nazideutschlands auf Polen, des Beginns des 2. Weltkrieges September 1939.<\/p>\n<p>Die Stadtspitze von F\u00fcrth als NS-Verwaltung in Toru\u0144\/Polen.<br \/>Landnahme der Nazis\u00a0 im besetzten Europa \u2013 ein Beispiel.<\/p>\n<p>Im \u201eEinsatz\u201c waren u.a. der ehemalige, beru\u0308chtigte Nazi-OB von Fu\u0308rth, Franz Jacob, und der sp\u00e4tere<br \/>Stadtarchivar und Vorsitzende des Geschichtsvereins von Fu\u0308rth, Dr. Adolf Schwammberger.<\/p>\n<p>Referent: Kamran Salimi, Fu\u0308rther Bu\u0308ndnis gegen Rechtsextremismus und Rassismus.\u00a0<\/p>\n<p>[\/et_pb_text][\/et_pb_column][et_pb_column type=&#8220;1_2&#8243; _builder_version=&#8220;3.25&#8243; custom_padding=&#8220;|||&#8220; custom_padding__hover=&#8220;|||&#8220;][\/et_pb_column][\/et_pb_row][\/et_pb_section]<\/p>\n","protected":false},"excerpt":{"rendered":"<p>Veranstalter:\u200b\u00a0Vereinigung der\u00a0Verfolgten des Naziregimes (VVN) Eintritt: frei Reservierung:\u00a0Telefon (+49) 0911 487892 Foto: VVN Veranstaltung zum 80. Jahrestag des \u00dcberfalls Nazideutschlands auf Polen, des Beginns des 2. Weltkrieges September 1939. Die [&hellip;]<\/p>\n","protected":false},"author":2,"featured_media":4328,"comment_status":"closed","ping_status":"closed","template":"","meta":{"_et_pb_use_builder":"on","_et_pb_old_content":"<h3>Veranstaltung zum 80. Jahrestag des \u00dcberfalls Nazideutschlands auf Polen, des Beginns des 2. Weltkrieges September 1939.<\/h3><p><b>Di, 22. Oktober 2019, 19:00 Uhr<\/b> \u2013 Die Stadtspitze von F\u00fcrth als NS-Verwaltung in Toru\u0144\/Polen.<\/p><p>Landnahme der Nazis\u00a0 im besetzten Europa \u2013 ein Beispiel.<\/p><p>Im \u201eEinsatz\u201c waren u.a. der ehemalige, ber\u00fcchtigte Nazi-OB von F\u00fcrth, Franz Jacob, und der sp\u00e4tere<\/p><p>Stadtarchivar und Vorsitzende des Geschichtsvereins von F\u00fcrth, Dr. Adolf Schwammberger.<\/p><p>Referent: Kamran Salimi, F\u00fcrther B\u00fcndnis gegen Rechtsextremismus und Rassismus. Eintritt: frei<b>.<\/b><\/p>","_et_gb_content_width":"","_price":"","_stock":"","_tribe_ticket_header":"","_tribe_default_ticket_provider":"","_tribe_ticket_capacity":"0","_ticket_start_date":"","_ticket_end_date":"","_tribe_ticket_show_description":"","_tribe_ticket_show_not_going":false,"_tribe_ticket_use_global_stock":"","_tribe_ticket_global_stock_level":"","_global_stock_mode":"","_global_stock_cap":"","_tribe_rsvp_for_event":"","_tribe_ticket_going_count":"","_tribe_ticket_not_going_count":"","_tribe_tickets_list":"[]","_tribe_ticket_has_attendee_info_fields":false,"_tribe_events_status":"","_tribe_events_status_reason":"","footnotes":"","_tec_slr_enabled":"","_tec_slr_layout":""},"tags":[],"tribe_events_cat":[],"class_list":["post-4327","tribe_events","type-tribe_events","status-publish","has-post-thumbnail","hentry"],"ticketed":false,"_links":{"self":[{"href":"https:\/\/www.krakauer-haus.de\/kh-test\/index.php\/wp-json\/wp\/v2\/tribe_events\/4327","targetHints":{"allow":["GET"]}}],"collection":[{"href":"https:\/\/www.krakauer-haus.de\/kh-test\/index.php\/wp-json\/wp\/v2\/tribe_events"}],"about":[{"href":"https:\/\/www.krakauer-haus.de\/kh-test\/index.php\/wp-json\/wp\/v2\/types\/tribe_events"}],"author":[{"embeddable":true,"href":"https:\/\/www.krakauer-haus.de\/kh-test\/index.php\/wp-json\/wp\/v2\/users\/2"}],"replies":[{"embeddable":true,"href":"https:\/\/www.krakauer-haus.de\/kh-test\/index.php\/wp-json\/wp\/v2\/comments?post=4327"}],"version-history":[{"count":4,"href":"https:\/\/www.krakauer-haus.de\/kh-test\/index.php\/wp-json\/wp\/v2\/tribe_events\/4327\/revisions"}],"predecessor-version":[{"id":4338,"href":"https:\/\/www.krakauer-haus.de\/kh-test\/index.php\/wp-json\/wp\/v2\/tribe_events\/4327\/revisions\/4338"}],"wp:featuredmedia":[{"embeddable":true,"href":"https:\/\/www.krakauer-haus.de\/kh-test\/index.php\/wp-json\/wp\/v2\/media\/4328"}],"wp:attachment":[{"href":"https:\/\/www.krakauer-haus.de\/kh-test\/index.php\/wp-json\/wp\/v2\/media?parent=4327"}],"wp:term":[{"taxonomy":"post_tag","embeddable":true,"href":"https:\/\/www.krakauer-haus.de\/kh-test\/index.php\/wp-json\/wp\/v2\/tags?post=4327"},{"taxonomy":"tribe_events_cat","embeddable":true,"href":"https:\/\/www.krakauer-haus.de\/kh-test\/index.php\/wp-json\/wp\/v2\/tribe_events_cat?post=4327"}],"curies":[{"name":"wp","href":"https:\/\/api.w.org\/{rel}","templated":true}]}}

<p>[et_pb_section fb_built=&#8220;1&#8243; _builder_version=&#8220;3.22&#8243; locked=&#8220;off&#8220;][et_pb_row column_structure=&#8220;1_2,1_2&#8243; _builder_version=&#8220;3.25&#8243; background_size=&#8220;initial&#8220; background_position=&#8220;top_left&#8220; background_repeat=&#8220;repeat&#8220;][et_pb_column type=&#8220;1_2&#8243; _builder_version=&#8220;3.25&#8243; custom_padding=&#8220;|||&#8220; custom_padding__hover=&#8220;|||&#8220;][et_pb_text _builder_version=&#8220;3.26.3&#8243;]</p>
<p><strong>Veranstalter:​ </strong>Vereinigung der Verfolgten des Naziregimes (VVN)</p>
<p><span lang="DE">Eintritt: frei</span></p>
<p>Reservierung: Telefon (+49) 0911 487892</p>
<p>Foto: VVN</p>
<p>[/et_pb_text][et_pb_divider _builder_version=&#8220;3.20.2&#8243;]<br />
[/et_pb_divider][et_pb_image src=&#8220;http://www.krakauer-haus.de/kh-test/wp-content/uploads/2019/10/191022_Flyer-Veranstaltungen-in-Nürnberg-80.-Jahrestag-des-Überfalls-auf-Polen-1.tiff&#8220; align_tablet=&#8220;center&#8220; align_last_edited=&#8220;on|desktop&#8220; _builder_version=&#8220;3.26.3&#8243;]<br />
[/et_pb_image][et_pb_text _builder_version=&#8220;3.26.3&#8243;]</p>
<p>Veranstaltung zum 80. Jahrestag des Überfalls Nazideutschlands auf Polen, des Beginns des 2. Weltkrieges September 1939.</p>
<p>Die Stadtspitze von Fürth als NS-Verwaltung in Toruń/Polen.<br />Landnahme der Nazis  im besetzten Europa – ein Beispiel.</p>
<p>Im „Einsatz“ waren u.a. der ehemalige, berüchtigte Nazi-OB von Fürth, Franz Jacob, und der spätere<br />Stadtarchivar und Vorsitzende des Geschichtsvereins von Fürth, Dr. Adolf Schwammberger.</p>
<p>Referent: Kamran Salimi, Fürther Bündnis gegen Rechtsextremismus und Rassismus. </p>
<p>[/et_pb_text][/et_pb_column][et_pb_column type=&#8220;1_2&#8243; _builder_version=&#8220;3.25&#8243; custom_padding=&#8220;|||&#8220; custom_padding__hover=&#8220;|||&#8220;][/et_pb_column][/et_pb_row][/et_pb_section]</p>

<p>Veranstalter:​ Vereinigung der Verfolgten des Naziregimes (VVN) Eintritt: frei Reservierung: Telefon (+49) 0911 487892 Foto: VVN Veranstaltung zum 80. Jahrestag des Überfalls Nazideutschlands auf Polen, des Beginns des 2. Weltkrieges September 1939. Die [&hellip;]</p>

<h3>Veranstaltung zum 80. Jahrestag des Überfalls Nazideutschlands auf Polen, des Beginns des 2. Weltkrieges September 1939.</h3><p><b>Di, 22. Oktober 2019, 19:00 Uhr</b> – Die Stadtspitze von Fürth als NS-Verwaltung in Toruń/Polen.</p><p>Landnahme der Nazis  im besetzten Europa – ein Beispiel.</p><p>Im „Einsatz“ waren u.a. der ehemalige, berüchtigte Nazi-OB von Fürth, Franz Jacob, und der spätere</p><p>Stadtarchivar und Vorsitzende des Geschichtsvereins von Fürth, Dr. Adolf Schwammberger.</p><p>Referent: Kamran Salimi, Fürther Bündnis gegen Rechtsextremismus und Rassismus. Eintritt: frei<b>.</b></p>
